mon factor of 2043488 and 544.
32
Calculate the greatest common divisor of 460 and 8457767.
23
What is the highest common factor of 248062864 and 14?
14
Calculate the greatest common divisor of 494729 and 3565.
31
What is the greatest common factor of 740 and 1447255?
185
Calculate the greatest common factor of 170847 and 494021.
463
Calculate the highest common factor of 1095360 and 42054.
978
What is the highest common factor of 8280092 and 598?
46
Calculate the highest common factor of 1872 and 16665168.
624
What is the highest common divisor of 264 and 27836556?
132
What is the greatest common divisor of 687378 and 16994?
586
Calculate the greatest common factor of 427590 and 137400.
30
What is the highest common divisor of 38 and 3673859?
19
Calculate the greatest common factor of 1357625 and 20125.
125
What is the greatest common factor of 1000256880 and 68?
68
Calculate the highest common factor of 70202 and 104875406.
6382
Calculate the highest common divisor of 3258 and 4976595.
1629
What is the greatest common factor of 3245990 and 1886?
46
Calculate the greatest common factor of 10 and 2046265.
5
What is the highest common divisor of 1485 and 158305455?
1485
What is the highest common factor of 448584 and 8160?
24
What is the greatest common divisor of 18339214 and 524?
262
Calculate the highest common factor of 876 and 1909910388.
876
Calculate the greatest common divisor of 35939 and 916661.
433
Calculate the highest common factor of 1635 and 300165.
15
Calculate the highest common factor of 1365 and 3385245.
15
What is the greatest common divisor of 34004570 and 10?
10
Calculate the highest common divisor of 139975 and 11425.
25
Calculate the highest common divisor of 15609 and 1257879.
129
What is the highest common divisor of 278 and 17922521?
139
What is the highest common factor of 10150853 and 153?
17
Calculate the greatest common factor of 10002530 and 1000.
10
What is the highest common factor of 2586336 and 29?
29
What is the greatest common divisor of 199980 and 79860?
660
Calculate the greatest common factor of 49 and 1730239.
49
What is the greatest common factor of 30 and 106790910?
30
Calculate the highest common divisor of 90938 and 12464.
82
What is the greatest common factor of 2049597 and 2640?
33
Calculate the greatest common divisor of 1236 and 60438546.
618
What is the highest common factor of 106425 and 4143953?
473
Calculate the highest common divisor of 8393 and 1325549.
109
What is the highest common divisor of 29727 and 96358419?
3303
Calculate the highest common factor of 18163 and 1896004.
41
What is the highest common divisor of 702 and 392626?
26
What is the greatest common factor of 32 and 5168956?
4
What is the greatest common factor of 66267465 and 7656?
957
Calculate the greatest common divisor of 700490634 and 1086.
1086
What is the highest common factor of 39606315 and 2436?
609
What is the highest common factor of 17622 and 472846?
22
Calculate the highest common divisor of 3640 and 2057328.
728
Calculate the highest common factor of 692353882 and 304.
38
Calculate the greatest common factor of 151 and 5567646179.
151
Calculate the highest common divisor of 2088 and 52605768.
696
What is the highest common divisor of 2975 and 13677350?
425
Calculate the greatest common divisor of 22169428 and 68.
68
What is the highest common divisor of 478290 and 22946?
298
Calculate the greatest common factor of 5776314 and 1020.
6
What is the greatest common divisor of 5625 and 77080?
5
What is the highest common divisor of 4608 and 4684032?
2304
What is the highest common divisor of 27 and 29514240?
27
What is the highest common factor of 68 and 462230663?
17
What is the highest common divisor of 96910362 and 414?
414
Calculate the greatest common factor of 151809385 and 560.
35
Calculate the highest common divisor of 94975 and 64036075.
3275
What is the greatest common factor of 4809 and 2139144?
21
What is the highest common factor of 16102 and 919889?
83
Calculate the highest common factor of 6336840 and 640.
40
What is the greatest common factor of 3657 and 19054189?
1219
Calculate the highest common divisor of 218671380 and 1140.
1140
Calculate the greatest common factor of 2982 and 730002.
42
What is the highest common factor of 6187 and 89219230?
269
What is the highest common divisor of 14515221 and 779?
19
Calculate the highest common divisor of 657547 and 183964.
1243
Calculate the highest common divisor of 1129856 and 38818.
26
What is the greatest common factor of 3816 and 246530772?
1908
Calculate the greatest common factor of 7186796 and 16.
4
Calculate the highest common factor of 51240987 and 1932.
483
What is the highest common factor of 150864 and 4183782?
2694
What is the greatest common factor of 98643 and 89607?
753
Calculate the greatest common factor of 131978 and 67760.
154
What is the greatest common divisor of 39 and 15935816?
13
Calculate the greatest common divisor of 9261 and 883008.
189
What is the highest common divisor of 14104 and 110864?
328
What is the highest common divisor of 4942641 and 1672?
209
What is the highest common factor of 80219 and 13034347?
827
What is the highest common factor of 1843267615 and 665?
665
What is the highest common factor of 41509168 and 5872?
5872
Calculate the highest common divisor of 22275589 and 7.
7
Calculate the greatest common divisor of 759 and 3011091.
69
What is the highest common factor of 1196989 and 1312932?
1633
What is the highest common divisor of 49418906 and 854?
122
What is the highest common divisor of 4305171 and 766233?
2301
Calculate the highest common factor of 3262869 and 378.
27
What is the highest common divisor of 30983908 and 499?
499
Calculate the highest common factor of 252358 and 6305644.
1102
Calculate the highest common factor of 6358 and 92422.
22
What is the highest common factor of 125393 and 1166?
1
Calculate the highest common divisor of 620586 and 6.
6
Calculate the greatest common factor of 211876233 and 10701.
3567
Calculate the highest common factor of 26585 and 10893715.
2045
What is the greatest common divisor of 5 and 237417050?
5
What is the greatest common factor of 37100170 and 2490?
830
What is the highest common divisor of 4202 and 2147244?
22
What is the highest common factor of 3530922 and 131271?
2679
What is the highest common divisor of 7825 and 474825?
25
Calculate the greatest common factor of 3255 and 133770.
105
Calculate the highest common divisor of 192 and 115806624.
96
Calculate the greatest common factor of 5939 and 412326953.
5939
Calculate the highest common factor of 486245947 and 33.
11
Calculate the highest common divisor of 28791969 and 1837.
167
What is the greatest common factor of 13334 and 121186?
118
Calculate the highest common factor of 28 and 6439969.
1
Calculate the greatest common factor of 307 and 59306567.
307
Calculate the highest common divisor of 7100385 and 1713.
1713
What is the highest common factor of 9805614 and 546?
546
What is the greatest common divisor of 148 and 382178624?
148
What is the highest common divisor of 2947 and 498837006?
421
What is the highest common divisor of 2390148 and 4860?
972
Calculate the greatest common divisor of 2287611 and 522.
9
What is the highest common divisor of 46 and 964078419?
23
Calculate the greatest common divisor of 16274 and 10918.
206
What is the highest common divisor of 34645 and 619385?
845
What is the greatest common factor of 567801 and 2015?
13
What is the highest common divisor of 3615017 and 105?
7
Calculate the highest common factor of 9 and 11521080.
9
Calculate the highest common divisor of 28306596 and 638166.
8742
What is the highest common factor of 64 and 236104464?
16
Calculate the highest common divisor of 1752 and 9237201.
219
Calculate the highest common divisor of 842582 and 34684.
598
Calculate the greatest common factor of 115086876 and 228.
228
What is the highest common divisor of 5129316 and 19836?
684
What is the highest common factor of 200 and 1407602?
2
Calculate the greatest common factor of 131501646 and 36.
18
What is the greatest common divisor of 3114581 and 5228?
1307
What is the greatest common factor of 50036691 and 111?
111
What is the highest common divisor of 196